
Calculate the greatest common factor of 39429 and 195.
39
What is the greatest common divisor of 52 and 170404?
52
What is the highest common divisor of 194 and 329218?
194
Calculate the greatest common factor of 202248 and 54.
18
What is the highest common factor of 456684 and 380?
76
What is the highest common factor of 714 and 33456?
102
Calculate the greatest common factor of 60420 and 53.
53
Calculate the greatest common divisor of 129 and 42871.
43
Calculate the highest common factor of 606338 and 730.
146
What is the greatest common factor of 3289 and 667?
23
What is the highest common factor of 28388 and 188?
188
Calculate the highest common factor of 9636 and 55.
11
What is the highest common divisor of 68008 and 12?
4
Calculate the greatest common divisor of 215 and 37883.
43
Calculate the greatest common factor of 21 and 230132.
7
What is the greatest common factor of 20937 and 1344?
21
Calculate the greatest common divisor of 36890 and 120280.
310
Calculate the highest common factor of 1660473 and 2764.
691
Calculate the greatest common factor of 44 and 18381.
11
Calculate the greatest common divisor of 1081267 and 11.
11
Calculate the highest common factor of 45 and 32130.
45
What is the greatest common factor of 4005 and 90?
45
What is the greatest common divisor of 84 and 24654?
42
What is the greatest common factor of 62070 and 40?
10
What is the greatest common factor of 5934 and 258?
258
Calculate the highest common divisor of 1024 and 4696.
8
Calculate the greatest common factor of 94160 and 616.
88
What is the greatest common factor of 230 and 23966?
46
What is the highest common factor of 32 and 311312?
16
Calculate the highest common divisor of 92 and 138.
46
Calculate the greatest common factor of 18 and 11498.
2
What is the greatest common factor of 216047 and 117?
13
Calculate the greatest common factor of 1232 and 46704.
112
What is the highest common divisor of 60 and 27140?
20
What is the highest common factor of 399 and 27741?
21
Calculate the greatest common divisor of 687246 and 357.
21
Calculate the greatest common factor of 1960 and 15974.
98
Calculate the highest common factor of 4488 and 952.
136
What is the greatest common factor of 17557 and 2353?
181
What is the highest common factor of 118 and 116230?
118
Calculate the greatest common factor of 227640 and 60.
60
Calculate the greatest common divisor of 405 and 26955.
45
Calculate the highest common factor of 73880 and 40.
40
What is the greatest common factor of 3460 and 97745?
865
What is the highest common factor of 1316 and 2820?
188
What is the greatest common divisor of 1496 and 311916?
748
Calculate the highest common factor of 309903 and 209.
11
What is the greatest common divisor of 260 and 860?
20
Calculate the greatest common divisor of 247 and 1182389.
247
What is the greatest common divisor of 369 and 60147?
369
Calculate the highest common divisor of 16512 and 546186.
258
What is the greatest common divisor of 2696 and 223094?
674
Calculate the highest common divisor of 864435 and 330.
165
Calculate the greatest common divisor of 1680 and 48.
48
What is the greatest common factor of 1671 and 384?
3
Calculate the greatest common divisor of 9360 and 495.
45
What is the greatest common factor of 8399610 and 90?
90
Calculate the greatest common factor of 4786177 and 22.
11
What is the highest common factor of 28322 and 2646?
98
Calculate the highest common divisor of 629060 and 80.
20
What is the highest common factor of 20167 and 65660?
469
What is the greatest common divisor of 218 and 7957?
109
What is the greatest common factor of 36 and 2004?
12
What is the greatest common factor of 208 and 5168?
16
Calculate the greatest common divisor of 1970 and 190.
10
What is the highest common divisor of 25211 and 85?
17
Calculate the greatest common factor of 375 and 468.
3
Calculate the highest common divisor of 36135 and 275.
55
Calculate the highest common divisor of 1790540 and 20.
20
Calculate the greatest common factor of 25885 and 115.
5
What is the greatest common divisor of 1296 and 23544?
216
What is the greatest common factor of 2668 and 1380?
92
Calculate the greatest common factor of 146612 and 8.
4
Calculate the greatest common divisor of 376207 and 86.
43
Calculate the highest common factor of 4298 and 570406.
614
What is the greatest common divisor of 1133 and 2472?
103
Calculate the greatest common factor of 686113 and 12167.
529
What is the greatest common factor of 57504 and 864?
96
Calculate the greatest common factor of 12376741 and 13.
13
Calculate the greatest common factor of 412 and 3193.
103
What is the greatest common divisor of 60 and 4605?
15
Calculate the greatest common factor of 10 and 16810.
10
What is the highest common factor of 716 and 2449794?
358
Calculate the highest common factor of 33 and 2409.
33
What is the highest common divisor of 11772 and 3132?
108
What is the greatest common factor of 21 and 141666?
21
Calculate the highest common divisor of 1824 and 9633.
57
Calculate the highest common divisor of 10 and 399985.
5
Calculate the greatest common factor of 1977 and 672839.
659
What is the greatest common divisor of 222 and 93499?
37
What is the greatest common divisor of 44283 and 16617?
87
What is the highest common divisor of 65291 and 109?
109
Calculate the highest common divisor of 448 and 65536.
64
What is the greatest common divisor of 657 and 205203?
219
Calculate the highest common factor of 184158 and 2574.
234
Calculate the highest common factor of 165 and 1055.
5
Calculate the greatest common factor of 4270 and 240.
10
What is the highest common divisor of 110045 and 130?
65
Calculate the highest common divisor of 29355 and 219081.
309
Calculate the greatest common divisor of 520 and 388934.
26
What is the greatest common factor of 53 and 75631?
53
What is the highest common divisor of 1824 and 87?
3
Calculate the greatest common divisor of 21312 and 21132.
36
What is the highest common divisor of 8320 and 2830?
10
What is the highest common divisor of 20 and 438210?
10
What is the highest common factor of 1890 and 430290?
630
What is the greatest common divisor of 1052 and 34?
2
What is the highest common factor of 24956 and 8?
4
Calculate the greatest common factor of 13962 and 1443.
39
Calculate the highest common divisor of 18 and 55392.
6
What is the greatest common divisor of 12416 and 83032?
776
Calculate the highest common divisor of 186 and 836318.
62
What is the greatest common factor of 33 and 16588?
11
Calculate the highest common factor of 74688 and 17088.
192
What is the greatest common factor of 552 and 42136?
184
What is the highest common factor of 24 and 1331076?
12
Calculate the highest common divisor of 35385 and 320.
5
What is the greatest common divisor of 27455 and 79135?
1615
Calculate the greatest common divisor of 3874 and 117.
13
Calculate the highest common divisor of 3 and 1113537.
3
Calculate the greatest common factor of 16425 and 675.
225
What is the greatest common factor of 4826 and 988?
38
Calculate the greatest common factor of 1 and 3622.
1
What is the greatest common divisor of 577200 and 90?
30
Calculate the highest common divisor of 30030 and 114.
6
Calculate the greatest common divisor of 1876 and 2338.
14
Calculate the highest common factor of 728 and 1559428.
52
Calculate the highest common divisor of 122348 and 365.
73
Calculate the greatest common divisor of 166 and 116117.
83
What is the highest common divisor of 28828 and 64?
4
Calculate the highest common factor of 156 and 1862484.
156
What is the highest common factor of 132821 and 221?
221
What is the greatest common divisor of 559323 and 1305?
261
What is the greatest common factor of 10 and 22?
2
What is the greatest common divisor of 32 and 1224736?
32
Calculate the greatest common divisor of 4928 and 56056.
616
What is the highest common divisor of 203779 and 289?
17
Calculate the highest common factor of 1258 and 1300846.
74
Calculate the highest common divisor of 7 and 2556918.
7
Calculate the greatest common factor of 28159 and 290.
29
Calculate the greatest common divisor of 178980 and 72960.
1140
Calculate the highest common divisor of 1496 and 37808.
136
What is the highest common